u) = -2*u**3 - 19*u**2 + 23*u + 63. List the prime factors of b(-18).
3, 191
Suppose -5*r - t + 6*t + 3810 = 0, 5*r - 3795 = 2*t. What are the prime factors of r?
757
Let f(l) = 3*l**2 - l - 2. Suppose -3*k - 5*w = -4, -10 = -4*k - w - w. Suppose 2*p - 4 = -4*u, 5*p = 2*u + k*u + 10. What are the prime factors of f(p)?
2
Let z = -214 - -358. List the prime factors of z.
2, 3
Let m(w) = 26*w**3 + w**2 - 2. Let b be m(-2). Let c = -123 - b. Suppose c = 4*l + 3. What are the prime factors of l?
2, 5
List the prime factors of (((-307)/3)/1)/(45/(-270)).
2, 307
Let q(m) be the first derivative of -m**3/3 - 7*m**2/2 - 7*m - 7. Let a be q(-4). What are the prime factors of (44/a)/(3/15)?
2, 11
Let c = 2 + 5. Let r be (c/(-3) + 2)*-285. Suppose 4*m - r = 33. List the prime factors of m.
2
Suppose -4*v + 566 = -5*t - 81, -152 = -v - 2*t. Suppose 4*w = v + 654. Suppose 3*g + w - 47 = 5*n, 0 = 2*n - 5*g - 51. List the prime factors of n.
3, 11
Let g(u) = u**3 - 13*u**2 + 2*u - 17. Let t be g(13). Suppose -h - t = -x + 55, 2*x + h = 137. List the prime factors of x.
67
Suppose -4*j = 3*b - 26, -2*b - 4 = -5*j - 6. Suppose y - 4 = -b. Let a(n) = -n**3 + 3*n**2 + 4*n + 2. List the prime factors of a(y).
2, 7
Let b be (1/(-1))/(1/(-3)). Suppose 0 = -0*j - b*j + 66. Let s = 37 - j. What are the prime factors of s?
3, 5
Let u(x) = 8*x**3 + 2*x**2 - 1. Let r be u(1). Let t = -8 + r. Let a = 11 - t. What are the prime factors of a?
2, 5
Suppose 5*g + 7 - 17 = 0. Suppose -c = g*c - 12. Suppose 19 = -c*q + 47. List the prime factors of q.
7
Let k(w) = 5*w - 3. Let h(l) = 5*l - 4. Let o(q) = -5*h(q) + 4*k(q). What are the prime factors of o(-6)?
2, 19
Suppose -6*p + 13*p - 28 = 0. Suppose 0 = -4*d - l + 392, -p*d + 2*l - 4*l + 388 = 0. What are the prime factors of d?
3, 11
What are the prime factors of ((-428)/(-10))/(140/1050)?
3, 107
Let b be (-1 + (-2 - -2))/(-1). Let y(v) = -v**2 - v - 1. Let m(d) = d**3 - 2*d + 7. Let g(o) = b*m(o) - y(o). List the prime factors of g(0).
2
Suppose 2*l - 10*l - 72 = 0. Let w(a) = 3*a**2 + 11*a - 7. What are the prime factors of w(l)?
137
Let x(n) = -n**3 + 12*n**2 - 2. Let y be x(12). Let h be 6/y - (-43 - -12). Suppose -3*v - 5*p = -17, 3*p + 14 = 4*v - h. What are the prime factors of v?
3
Suppose 6*d = 11*d + 5*m - 7050, 7047 = 5*d + 4*m. What are the prime factors of d?
3, 7, 67
Let j = -3 + 8. Let r(c) = 0*c - 8 + 5*c + c + 0. What are the prime factors of r(j)?
2, 11
Let j be 4 + 3 + -3 + 1. Suppose -j*i = -51 - 589. Suppose -i - 20 = -4*f. What are the prime factors of f?
37
Let r = -32 - 21. Let x = r - -104. Suppose -3*o + x = -3*s, 5*s = -4*o + s + 84. What are the prime factors of o?
19
Let q = 218 - 42. What are the prime factors of -4 + q/12 - 4/6?
2, 5
Suppose 657 = 2*p + 1. Suppose 4*n + 3*j - p = 0, -3*n + 0*j + 263 = -2*j. List the prime factors of n.
5, 17
Let t be (-4)/8*-230 - 6. Suppose -2*v + 500 = 3*v. Suppose -5*c + 5*d + t = -11, -4*c + 3*d + v = 0. List the prime factors of c.
2, 7
Let c(o) = -79*o + 2. Let q(h) = 79*h - 2. Let g(k) = 4*c(k) + 5*q(k). List the prime factors of g(1).
7, 11
Let q = -891 - -1361. Suppose -q = 8*p - 13*p. Suppose p = o + o. What are the prime factors of o?
47
Suppose -5*l = -58 + 13. Let c(z) = z - 6. Let i be c(l). Suppose x + i*x - 32 = 2*u, -5*x + 4*u = -46. List the prime factors of x.
2, 3
Let m(v) = v - 3. Let n be m(6). Let y be (-6)/(-4)*(-1 + n). Suppose 0 = y*a - 2*s - 13 - 64, -2*a + 5*s = -33. List the prime factors of a.
29
Suppose 10498 = -10*i + 39*i. What are the prime factors of i?
2, 181
Let a(o) = -o**3 + 10*o**2 - 5*o + 6. Let f(b) = b - 1. Let w(u) = a(u) + f(u). Let p = 4 - -5. List the prime factors of w(p).
2, 5
List the prime factors of (100/(-150))/((-4)/24270).
5, 809
Let z = 1797 - -613. List the prime factors of z.
2, 5, 241
Let g = 1 + 1. Let b = g - 6. Let q(r) = r**3 + 5*r**2 + 3*r. List the prime factors of q(b).
2
Suppose 6*s - 3*s = 12. Suppose s*v - 19 = 1. Suppose v*d + 10 = 10*d. List the prime factors of d.
2
Let o(h) = 36 + 6 - 10 - h + 2. What are the prime factors of o(23)?
11
Suppose -365 = -0*w + 5*w. Let n = w + 52. Let z = 0 - n. List the prime factors of z.
3, 7
Suppose 39*t - 531 = 30*t. List the prime factors of t.
59
Suppose 23*l - 5250 + 29 = 0. What are the prime factors of l?
227
Let k(c) = c + 14. Let h be k(-10). Let l = h - -4. Let r = l - -19. What are the prime factors of r?
3
Let a(i) = 98*i**2 - 87*i + 3. What are the prime factors of a(5)?
2, 1009
Suppose -59 = -6*t + 25. Let x(b) = -b**3 + 15*b**2 + 4*b + 34. List the prime factors of x(t).
2, 11, 13
Let i = 378 - 16. What are the prime factors of i?
2, 181
Let x(m) = -2*m**2 + 9*m - 2. Let s be x(4). Suppose -s*w + 4*b = 8*b - 100, 4*b = 16. What are the prime factors of w?
2, 3, 7
Suppose -9*t + 2526 + 1866 = 0. What are the prime factors of t?
2, 61
Let t(h) = -h**2 + 8*h - 1. Let n(b) = 2*b**2 - 2*b + 2. Let j be n(2). Let l be t(j). Let k = l - -10. What are the prime factors of k?
3, 7
Suppose 93*v + 33*v - 137088 = 0. What are the prime factors of v?
2, 17
Suppose -4*z + 2*d = -1504, 2*z = -2*d - d + 752. What are the prime factors of z?
2, 47
Let h(a) = -8*a - 10*a + a + a**2 - 2 + 4. List the prime factors of h(28).
2, 5, 31
Suppose -4*b + 6 = -6*b. Let a be -1*(-14)/3*b. Let s = a - -17. List the prime factors of s.
3
Suppose 0 = -j - s + 35, -6*j + 3*s + 105 = -2*j. Suppose 0 = -5*m + 5*x - j, 0 = -m - 2*x + 1 + 5. What are the prime factors of (-845)/(-26) - (-3)/m?
31
Suppose 3*y = -y - 4. List the prime factors of 36 - (3 + y + -2).
2, 3
Suppose 4*f = 5*k - 9169, 5*k + 0*f - 9167 = 2*f. List the prime factors of k.
3, 13, 47
Let n(q) = -q**2 - 32*q + 51. List the prime factors of n(-15).
2, 3, 17
Suppose s - x + 16 = 2*s, s - 16 = 3*x. Suppose -4*h - 4*b + 168 = 0, -s - 118 = -3*h - 5*b. What are the prime factors of h?
2, 19
Let b(i) = 3*i**2 + 8*i - 2. What are the prime factors of b(1)?
3
Let d be 2 + 1 - 3/3. Let m(t) = -t - 11*t**3 - t**d + 5*t**3 + 13 + 5*t**3. What are the prime factors of m(0)?
13
Suppose 35*q - 39*q = 0, 3*o - 1029 = 5*q. List the prime factors of o.
7
What are the prime factors of 11 + 5186/((-24)/(-12))?
2, 3, 7, 31
Let x = 4630 - 2520. What are the prime factors of x?
2, 5, 211
Let a(q) = 18*q**2 - 7*q - 11. Let f be a(-5). What are the prime factors of -1 + 3 - f/4*-2?
239
Suppose -5 = -5*j, -3*t - 8900 = -5*t - 2*j. List the prime factors of t.
3, 1483
Let z = 21 - 13. Suppose z = y + y. What are the prime factors of -3 + y + (-1 - -40)?
2, 5
Let v(b) = -b. Suppose -2*a + 32 = 8. Suppose -2 = -2*z, -5 = -x + z - a. What are the prime factors of v(x)?
2, 3
Let r(z) = -11*z + 2. Let t be r(-3). Suppose -5*y - 5*j = -10*j + 5, t = 5*y + 5*j. Suppose -15 = y*q, 2*q - 43 = -5*k + 32. List the prime factors of k.
17
Suppose 3*d + 33 = 2*t, -3*t - 2*d = -2*t - 6. Suppose -228 = t*r - 24*r. List the prime factors of r.
19
Let m(u) = 2*u**2 - 41*u + 16. Let d be m(20). Let p(c) = 5 + 2*c**2 + 0 + 0*c**2 + c. List the prime factors of p(d).
3, 11
Suppose 10*h - 980 = 15*h. Let f = -131 - h. What are the prime factors of f?
5, 13
Suppose -4*t + 3*x - 28 = 8*x, -8 = -2*t + 3*x. Let b be 105 + (-4)/(t/1). Suppose b = 4*i - 25. List the prime factors of i.
3, 11
Let w(z) = 15*z**2 + 31*z**2 - 19*z**2 - 1 - 2*z. What are the prime factors of w(2)?
103
Let y = 26 - 24. Let b(k) = 53*k - 13. What are the prime factors of b(y)?
3, 31
Let o(t) = -10*t. Suppose 5*a - b - 8 = 0, 0 = -4*a + b - 5*b + 16. Suppose 5 = -a*x + 1. What are the prime factors of o(x)?
2, 5
Let f = -20 - -302. What are the prime factors of f?
2, 3, 47
Let u(l) = l**2 + 11*l - 24. Let n be u(-13). What are the prime factors of n - 2986/(-26) - 4/(-26)?
3, 13
Suppose 2*j - 3*i = 416, i - 3*i - 8 = 0. List the prime factors of j.
2, 101
Let q(t) = -t**3 + 2*t - 576. Let g be q(0). Let i = -373 - g. What are the prime factors of i?
7, 29
Suppose -5*s = -2*u + 581, -7 = -s - 2. Let o = 54 + u. List the prime factors of o.
3, 7, 17
Suppose 0 = 30*x - 25*x - 1700. What are the prime factors of x?
2, 5, 17
Let v(u) = -574*u - 72. What are the prime factors of v(-3)?
2, 3, 5, 11
Suppose -3*p = 4*k - 1905, 5*k = 2*k - 9. What are the prime factors of p?
3, 71
Suppose 